ctor of 50 and l.
10
Suppose 2*k - 3*q = 171, -3*k - 2*q - 86 = -4*k. Let s be k/(-35)*(-2 + -3). Let w = 216 + -132. Calculate the greatest common factor of s and w.
12
Suppose -q + 4*q - 72 = 0. Suppose s = 4*m - 2*m - 20, -2*s + m - 25 = 0. Let b = q + s. What is the greatest common divisor of 7 and b?
7
Let d(g) = -g**3 + 2*g**2 + 6*g + 9. Let c be d(-3). Calculate the greatest common divisor of c and 18.
18
Suppose -o - 60 = -5*o. Calculate the highest common factor of o and 5.
5
Let g(n) = 2*n**2 + 13*n - 14. Let i be g(-10). Let z(q) = -q**3 + 8*q**2 + 2*q - 2. Let d be z(8). What is the highest common factor of i and d?
14
Let t = 13 + -3. What is the highest common factor of t and 25?
5
Let r = 5 - 3. Calculate the highest common factor of 5 and r.
1
Let h = -39 + 109. What is the greatest common divisor of h and 175?
35
Let k = -16 - -37. What is the highest common factor of k and 21?
21
Let u(s) = -14*s - 65. Let r be u(-18). Calculate the highest common divisor of 17 and r.
17
Suppose 5*d - 10 = 50. Calculate the greatest common factor of 384 and d.
12
Suppose -140 = -3*n - 38. Calculate the highest common divisor of 136 and n.
34
Let u = -61 + 71. Calculate the greatest common divisor of 5 and u.
5
Let z be -16 - -17 - (26/(-2) + 2). What is the greatest common divisor of z and 30?
6
Suppose -5*k - 10 = -5, 4*p - 3*k = 7. Calculate the highest common factor of 6 and p.
1
Suppose 5*f - 9*f + 12 = 0. Suppose 0 = f*p + 2*r - 150 + 52, p - 21 = -3*r. What is the greatest common divisor of p and 4?
4
Suppose 65 = 3*l - 100. What is the highest common divisor of 5 and l?
5
Suppose 3*f - 19 = 14. Suppose -f - 51 = -2*l. Let u = 11 + l. Calculate the greatest common divisor of u and 6.
6
Suppose 0 + 20 = 2*o + 4*z, -4*z = -3*o - 10. Suppose 0 = a - t - 20, o*t - 73 = -5*a - 8. Let w = 17 + -7. Calculate the greatest common divisor of a and w.
5
Let s = -7 - 16. Let k = s + 38. Calculate the greatest common factor of k and 120.
15
Let m(z) = -2*z - 7. Let i(u) = u + 2. Let b be i(-8). Let h be m(b). Suppose -14 = -h*y + 6. Calculate the greatest common factor of 32 and y.
4
Suppose 0 = 4*b - 7*b - 4*j + 33, 2*b - 5*j = 22. What is the highest common divisor of 99 and b?
11
Suppose 0*n = 2*n + 2*v - 20, -n = 3*v - 6. Let q be (n*1)/((-2)/(-6)). Let m be (8/(-3))/(1/(-9)). Calculate the greatest common factor of m and q.
12
Let k(b) = b**3 - 8*b**2 - 3*b + 6. Let y be k(8). Let p = -11 - y. Suppose -15 + p = -f. Calculate the highest common divisor of 32 and f.
8
Suppose f + 19 = -5*o, 4*f + f = 2*o - 14. Let x be (-1)/3 - 28/o. Let g be (0 + 1 + 0)*1. Calculate the greatest common factor of g and x.
1
Let f be 2*((-20)/14)/(12/(-105)). Calculate the highest common factor of f and 5.
5
Let p(a) = 2*a**2 - 6*a + 7. Let s be p(5). Suppose -2*l + 4 = 0, b - 2*l = -4*l + 7. Calculate the greatest common divisor of b and s.
3
Suppose -4*z + 12 = 0, -2*l + 39 = 3*z - 6*z. What is the greatest common divisor of l and 18?
6
Suppose -3*t + 8*t = 25, -2*t = -3*l + 152. Suppose 4*n + 80 = 9*n - f, 0 = f. Let i = n - 10. What is the greatest common factor of i and l?
6
Let l(g) = -g + 1. Let a be ((-1)/(-2))/(1/(-8)). Let h be l(a). Suppose k + 7 = 3*c, 4*k + 4*c - 25 - 11 = 0. What is the highest common divisor of h and k?
5
Suppose -2*h - 3*h - 20 = 0. Let b be h/14 + 23/7. Let p(w) = 10*w - 4. Let m be p(b). What is the highest common factor of 13 and m?
13
Suppose 5*d - 32 = 3. What is the greatest common divisor of 77 and d?
7
Let i = 19 - -29. Calculate the greatest common factor of 3 and i.
3
Let c = 19 - 11. Let l(b) = 3*b + 13. Suppose 4*q - f = 32, 2*q + 4 = 5*f + 2. Let g be l(q). Calculate the greatest common factor of g and c.
8
Let g = -22 + 26. What is the highest common factor of g and 4?
4
Suppose -j - 2 + 1 = 0, -61 = -2*p - 3*j. Suppose -5*b - 18 = -n, -5*n - 7*b + p = -3*b. What is the highest common divisor of n and 32?
8
Let a be (2 - -1) + 60/(-3). Let g = a + 24. Calculate the greatest common divisor of g and 7.
7
Let r(f) = f**2 - f. Let m be r(-3). Let g = m - 7. Suppose 2*k - 39 = -5*a + 6*k, 0 = g*a - 2*k - 47. What is the greatest common divisor of a and 33?
11
Suppose 2*t + 437 = 4*t - 3*v, -3*t = 4*v - 664. Suppose t = 5*o + 5*z, 136 = -2*o + 5*o + 5*z. Calculate the highest common divisor of 28 and o.
14
Let o be 100/6 + 8/6. Calculate the highest common divisor of o and 18.
18
Suppose -66*o + 61*o = -150. Calculate the greatest common factor of 12 and o.
6
Let i(g) = g**3 + 8*g**2 + 7. Suppose 3*m - 7 = 2*m. Suppose l = -0*l - m. Let s be i(l). What is the highest common factor of s and 7?
7
Suppose 5*m - k = 48, 5*m - 2*k - 18 = 28. Calculate the highest common divisor of m and 10.
10
Let t be 4 + -5 - (-17 + -1 + 2). What is the highest common divisor of 165 and t?
15
Let w be (-15)/(-2)*8/6. Suppose 0 = 2*i - 69 + 9. What is the highest common divisor of i and w?
10
Let m be (1 + -1 + -1)*-38. Suppose 5*t - 3*x - 74 = 0, 0 = t + t + 2*x - 36. Suppose i - m = t. Calculate the greatest common divisor of 36 and i.
18
Suppose 0 = -3*l - 2*k - 51, -6*k + 2*k = 0. Let j = 1 - l. Calculate the greatest common divisor of 72 and j.
18
Let a = 11 - -2. Let i = 31 - -21. What is the greatest common divisor of a and i?
13
Suppose -3*q - 79 + 268 = 0. What is the greatest common divisor of q and 42?
21
Let g(u) = -u**3 - 11*u**2 + 5*u + 18. Let r be g(-12). Calculate the highest common factor of 34 and r.
34
Suppose -2*c + 14 = 5*c. Let t be (-27)/(-18) - (-5)/c. Calculate the highest common divisor of t and 16.
4
Suppose 2*g + 8 = 94. Suppose 5*z - g = -18. Suppose 3*c = z*c - 54. What is the highest common factor of 3 and c?
3
Suppose -2*w + 24 = 3*l, -73 = -5*w - 0*l - l. Let y = 177 + -102. Calculate the highest common factor of w and y.
15
Suppose 2*n = -2*n + 4, -2*t - 5*n + 29 = 0. Calculate the greatest common divisor of 36 and t.
12
Let n = 2 + 2. Suppose f + r + 430 = -4*f, -f - 105 = n*r. Let d = -43 - f. What is the greatest common factor of d and 21?
21
Let q be -2 - (-2)/(-4)*-6. Calculate the highest common divisor of q and 2.
1
Suppose n - 7*n = -114. What is the greatest common factor of 76 and n?
19
Let s = 52 + -25. Calculate the greatest common divisor of 243 and s.
27
Let h = -7 - -11. Suppose h*x - 63 = d, 5*d - 2 = 3. What is the highest common divisor of 24 and x?
8
Suppose 36*g - 31*g - 600 = 0. Calculate the highest common divisor of g and 15.
15
Suppose 0 = -9*w + 12*w - 360. Suppose 0*a + 75 = 5*a. What is the highest common divisor of a and w?
15
Let q be ((147/3)/(-7))/(-2 + 1). Calculate the greatest common factor of 28 and q.
7
Let b = -1 - -14. Let g be -3 + 5 - 0/1. Suppose -4*i + 5*l + 500 = 0, 0*l + 252 = 2*i - g*l. What is the greatest common factor of b and i?
13
Let s be 11 + (1 + -1 - 1 - -4). Calculate the greatest common factor of 98 and s.
14
Let c(i) = 2*i**2 - 50*i - 7. Let b be c(28). Calculate the highest common factor of 23 and b.
23
Let d be 6/21 - (-16)/(-7). Let r be 26/8 + d/8. Suppose -r*s = -18 - 0. What is the greatest common factor of s and 15?
3
Let i be 120/9*1/4*6. Let o be (-5)/((-30)/(-8))*-135. Calculate the highest common factor of i and o.
20
Let x(l) = l**2 - 9*l + 12. Suppose 5*g - 24 = 2*g. Let f be x(g). Suppose -c + f = -8. What is the greatest common divisor of 48 and c?
12
Let n be 5 - ((-474)/6 - 6). Calculate the highest common factor of 10 and n.
10
Let f(b) = -2*b**2 - 14*b + 7. Let p be f(-7). Calculate the greatest common divisor of 1 and p.
1
Let n = -599 + 616. Let j(s) = 21*s**2 + 2*s - 3. Let v be j(2). Calculate the highest common factor of n and v.
17
Suppose -3*k = -11*k + 56. Calculate the greatest common divisor of k and 7.
7
Let n be (28/3)/((-2)/(-3)). Let b(g) = g**2 + 7*g - 8. Let c be b(8). Calculate the highest common factor of c and n.
14
Suppose 0 = 4*z - 211 - 289. Let b = z + -29. What is the greatest common divisor of b and 12?
12
Let u = 5 + -2. Suppose u*h + 0*h - 12 = 0. Suppose h*j - 15 = j. Calculate the highest common divisor of 5 and j.
5
Let y = 5 - -7. What is the highest common factor of 84 and y?
12
Suppose 2*d = 5*d - 45. Calculate the highest common factor of 75 and d.
15
Let w be -47 - (0 + 0)/1. Suppose 77 = -5*h + 